{"id":161,"date":"2019-05-01T18:00:26","date_gmt":"2019-05-01T18:00:26","guid":{"rendered":"https:\/\/sraclc.org\/wp2\/?page_id=161"},"modified":"2026-02-03T15:14:54","modified_gmt":"2026-02-03T21:14:54","slug":"day-camps","status":"publish","type":"page","link":"https:\/\/sraclc.org\/es\/programs\/day-camps\/","title":{"rendered":"Campamento y Escuela de D\u00edas de descanso"},"content":{"rendered":"<hr class=\"wp-block-separator has-alpha-channel-opacity\" \/>\n\n\n\n<h1 class=\"wp-block-heading\">La Escuela De D\u00edas Fuera De Programa<\/h1>\n\n\n<div class=\"gb-container gb-container-5f30bc72\">\n<div class=\"gb-grid-wrapper gb-grid-wrapper-2004685a\">\n<div class=\"gb-grid-column gb-grid-column-c8e16aa4\"><div class=\"gb-container gb-container-c8e16aa4\">\n\n<p><\/p>\n\n\n\n<p><strong>Cuando la Escuela, \u00bfqu\u00e9 haces?&nbsp;<\/strong><br>SRACLC ofrece programas para la Escuela de D\u00edas de descanso para mejorar la de su hijo tiempo de ocio con emocionantes actividades de recreaci\u00f3n. Estructura de nuestros programas con alta energ\u00eda de juegos en grupo, con temas de manualidades, juegos de agua, viajes de campo, y la nataci\u00f3n. Es una gran manera de practicar las habilidades sociales y formar nuevas amistades en un ambiente seguro y divertido.<\/p>\n\n\n\n<p>SRACLC de la Escuela de D\u00edas de descanso y Mini Campamentos est\u00e1n dirigidos a ni\u00f1os con discapacidades y necesidades especiales durante las vacaciones de primavera, vacaciones de invierno, y otros d\u00edas festivos nacionales. Estos programas se ofrecen para apoyar a un d\u00eda programado para mantener a los estudiantes en su rutina. Cada d\u00eda est\u00e1 prevista salidas y de alta energ\u00eda de juego en grupo.<\/p>\n\n\n\n<p><a class=\"button\" rel=\"noopener\" href=\"https:\/\/web2.myvscloud.com\/wbwsc\/ilsraclcwt.wsc\/search.html?module=AR&amp;category=youth-teen\" target=\"_blank\">Inscribirse En La Escuela De D\u00edas Fuera De Los Programas De<\/a><em><strong><br><\/strong><\/em><\/p>\n\n<\/div><\/div>\n\n<div class=\"gb-grid-column gb-grid-column-11e6a71a\"><div class=\"gb-container gb-container-11e6a71a\">\n\n<figure class=\"gb-block-image gb-block-image-b20f2e2e\"><img loading=\"lazy\" decoding=\"async\" width=\"250\" height=\"280\" class=\"gb-image gb-image-b20f2e2e\" src=\"https:\/\/sraclc.org\/wp2\/wp-content\/uploads\/2024\/08\/Camp-Page.jpg\" alt=\"Black Female Youth petting a dog\" title=\"Camp Page\" srcset=\"https:\/\/sraclc.org\/wp2\/wp-content\/uploads\/2024\/08\/Camp-Page.jpg 250w, https:\/\/sraclc.org\/wp2\/wp-content\/uploads\/2024\/08\/Camp-Page-11x12.jpg 11w\" sizes=\"auto, (max-width: 250px) 100vw, 250px\" \/><\/figure>\n\n<\/div><\/div>\n<\/div>\n<\/div>\n\n\n<hr class=\"wp-block-separator has-alpha-channel-opacity\" \/>\n\n\n\n<h1 class=\"wp-block-heading\">Los Campamentos De Verano<\/h1>\n\n\n\n<p><strong>Campamento De D\u00eda<br><\/strong>Los Campamentos de d\u00eda en SRACLC est\u00e1n orientados hacia los ni\u00f1os con necesidades especiales o los que tienen m\u00e1s \u00e9xito en peque\u00f1os grupos con m\u00e1s supervisi\u00f3n. Los consejeros plan de actividades diarias, tales como la alta energ\u00eda de los juegos en grupo, con temas de manualidades, juegos de agua, el canto y el baile, en la ma\u00f1ana, viajes de campo, y m\u00e1s all\u00e1. Los campistas se nadar dos veces por semana en las tardes, as\u00ed como disfrutar de juegos al aire libre cada d\u00eda.<\/p>\n\n\n\n<p><strong>Las Opciones Del Programa Incluyen:<\/strong> Los participantes se comprometen a tres sesiones de semana de campamento de d\u00eda completo, ESTOY solo, o PM. Viernes opciones y mini campamentos est\u00e1n disponibles. Por favor, consulte el campamento de folleto o de registro en l\u00ednea para obtener m\u00e1s detalles.<\/p>\n\n\n\n<p><strong>Tiempo Del Programa:<\/strong> La programaci\u00f3n es de 9:00 am hasta las 3:00 de la tarde, de lunes a jueves.<\/p>\n\n\n\n<p><strong>Elegibilidad:<\/strong> Participants must be between the ages of 3-22 years.<\/p>\n\n\n\n<p><strong>Resident<\/strong> <strong>Registration Opens:<\/strong> Monday, March 16, 2026 at 9:00a<br><strong>Non-Resident Registration Opens:<\/strong> Monday, March 30, 2026 at 9:00a<br><strong>ALL CAMP REGISTRATION CLOSES:<\/strong> Monday, April 6, 2026 at 1:00p<\/p>\n\n\n\n<h3 class=\"gb-headline gb-headline-e24dc424 gb-headline-text\"><strong>Lugares Del Programa Incluyen:<\/strong><\/h3>\n\n\n<div class=\"gb-container gb-container-18ec332a\">\n\n<div class=\"wp-block-columns is-layout-flex wp-container-core-columns-is-layout-9d6595d7 wp-block-columns-is-layout-flex\">\n<div class=\"wp-block-column is-layout-flow wp-block-column-is-layout-flow\" style=\"flex-basis:100%\">\n<div class=\"wp-block-columns is-layout-flex wp-container-core-columns-is-layout-9d6595d7 wp-block-columns-is-layout-flex\">\n<div class=\"wp-block-column is-layout-flow wp-block-column-is-layout-flow\" style=\"flex-basis:100%\"><div class=\"gb-grid-wrapper gb-grid-wrapper-8119202f\">\n<div class=\"gb-grid-column gb-grid-column-7cba9203\"><div class=\"gb-container gb-container-7cba9203\">\n\n<p><strong>Bobbers<\/strong> (ages 7-22)<br>The Hope Collective<br><a href=\"https:\/\/www.google.com\/maps?gs_lcrp=EgZjaHJvbWUyBggAEEUYOdIBBzQ0N2owajeoAgCwAgA&amp;um=1&amp;ie=UTF-8&amp;fb=1&amp;gl=us&amp;sa=X&amp;geocode=KVt9ceZtog-IMb3B0FcAiJ2E&amp;daddr=23153+W+Miller+Rd,+Lake+Zurich,+IL+60047\">23153 W. Miller Rd., Lake Zurich, IL 60047<\/a><\/p>\n\n\n\n<p><strong>Los Exploradores\/Tropas<\/strong> (ages 3-22)<br>Espino de la Escuela para J\u00f3venes Estudiantes<br><a href=\"https:\/\/www.google.com\/maps\/dir\/\/hawthorn+school+for+young+learners\/data=!4m6!4m5!1m1!4e2!1m2!1m1!1s0x880f97695211b449:0x760c5bd962115ebe?sa=X&amp;ved=2ahUKEwiTlMez0eP9AhXHnWoFHRVAA_AQ9Rd6BAhSEAQ\" target=\"_blank\" rel=\"noreferrer noopener\">637 N Aspen Unidad, Vernon Hills<\/a><\/p>\n\n\n\n<p><strong>Los isle\u00f1os<\/strong> (ages 3-9)                                                                              <br>Jones Isla De Construcci\u00f3n<br><a href=\"https:\/\/www.google.com\/maps\/dir\/42.5810825,-88.5563184\/243+Harvey+Ave,+Grayslake,+IL+60030\/@42.4581138,-88.4447821,11z\/data=!3m1!4b1!4m9!4m8!1m1!4e1!1m5!1m1!1s0x880f9b02e41a9305:0x6b50dfc87f3626a1!2m2!1d-88.0530798!2d42.3462766\" target=\"_blank\" rel=\"noreferrer noopener\">243 Harvey Ave, Grayslake, IL<\/a><\/p>\n\n<\/div><\/div>\n\n<div class=\"gb-grid-column gb-grid-column-0f211778\"><div class=\"gb-container gb-container-0f211778\">\n\n<p><strong>Los adolescentes en Acci\u00f3n<\/strong> (PM Campamento Solamente)<br>Varios Viajes De Campo De Las Ubicaciones De Cada D\u00eda<br>Ubicaci\u00f3n de la reuni\u00f3n de Espino de la Escuela para J\u00f3venes Estudiantes <br><a href=\"https:\/\/www.google.com\/maps\/dir\/\/hawthorn+school+for+young+learners\/data=!4m6!4m5!1m1!4e2!1m2!1m1!1s0x880f97695211b449:0x760c5bd962115ebe?sa=X&amp;ved=2ahUKEwiTlMez0eP9AhXHnWoFHRVAA_AQ9Rd6BAhSEAQ\" target=\"_blank\" rel=\"noreferrer noopener\">637 N Aspen Unidad, Vernon Hills<\/a><\/p>\n\n\n\n<p><strong>Teen Titans<\/strong> (ages 10-22)<br>El Centro De Deportes<br><a href=\"https:\/\/www.google.com\/maps\/dir\/42.5810825,-88.5563184\/2004+Municipal+Way,+Round+Lake+Beach,+Illinois\/@42.4878883,-88.4497287,11z\/data=!3m1!4b1!4m9!4m8!1m1!4e1!1m5!1m1!1s0x880f84b645c3abc9:0xc565c00ca1085103!2m2!1d-88.0722118!2d42.3842933\" target=\"_blank\" rel=\"noreferrer noopener\">2004 Municipales Pkwy, Round Lake, IL<\/a><\/p>\n\n\n\n<p><strong>Trailblazers <\/strong>(ages 5-18)  <strong>                                                                           <br><\/strong>Copeland Manor Elementary School<strong><br><\/strong><a href=\"https:\/\/www.google.com\/maps\/place\/Copeland+Manor+Elementary+School\/@42.274008,-87.9438459,17z\/data=!3m1!4b1!4m6!3m5!1s0x880f9697569805c5:0xae3fb80e09b68f46!8m2!3d42.274008!4d-87.9438459!16s%2Fm%2F076p33m?entry=ttu&amp;g_ep=EgoyMDI2MDEyOC4wIKXMDSoKLDEwMDc5MjA2OUgBUAM%3D\" target=\"_blank\" rel=\"noreferrer noopener\">801 7th Ave, Libertyville, IL<\/a><\/p>\n\n<\/div><\/div>\n<\/div><\/div>\n<\/div>\n<\/div>\n<\/div>\n\n<\/div>\n\n\n<p><strong>Transporte:<\/strong> El transporte no est\u00e1 disponible actualmente para el campamento.<\/p>\n\n\n\n<p><a href=\"https:\/\/sraclc.org\/wp2\/wp-content\/uploads\/2026\/02\/Day-Camp-Brochure-2026.pdf\" target=\"_blank\" rel=\"noreferrer noopener\">Ver nuestro Campamento de D\u00eda Folleto<\/a><\/p>\n\n\n\n<a class=\"gb-button gb-button-2fa79c78 gb-button-text\" href=\"https:\/\/web2.myvscloud.com\/wbwsc\/ilsraclcwt.wsc\/search.html?module=AR&amp;type=camp&amp;_csrf_token=a58880389b8c106119309cd87c81a4387c3e93b99daef9f9e3ac1282dc759eb8\" target=\"_blank\" rel=\"noopener noreferrer\">Registrarse para los Campamentos de D\u00eda<\/a>","protected":false},"excerpt":{"rendered":"<p>School Days Off Program Summer Camps Day CampDay Camps at SRACLC are geared towards children with special needs or those who have better success in smaller groups with more supervision. Counselors plan daily activities such as high-energy group games, themed crafts, water play, singing and dancing, morning field trips, and beyond. Campers will swim twice &#8230; <a title=\"Campamento y Escuela de D\u00edas de descanso\" class=\"read-more\" href=\"https:\/\/sraclc.org\/es\/programs\/day-camps\/\" aria-label=\"Leer m\u00e1s sobre Camp and School Days Off\">Read more<\/a><\/p>","protected":false},"author":1,"featured_media":0,"parent":59,"menu_order":2,"comment_status":"closed","ping_status":"closed","template":"","meta":{"footnotes":""},"class_list":["post-161","page","type-page","status-publish"],"_links":{"self":[{"href":"https:\/\/sraclc.org\/es\/wp-json\/wp\/v2\/pages\/161","targetHints":{"allow":["GET"]}}],"collection":[{"href":"https:\/\/sraclc.org\/es\/wp-json\/wp\/v2\/pages"}],"about":[{"href":"https:\/\/sraclc.org\/es\/wp-json\/wp\/v2\/types\/page"}],"author":[{"embeddable":true,"href":"https:\/\/sraclc.org\/es\/wp-json\/wp\/v2\/users\/1"}],"replies":[{"embeddable":true,"href":"https:\/\/sraclc.org\/es\/wp-json\/wp\/v2\/comments?post=161"}],"version-history":[{"count":62,"href":"https:\/\/sraclc.org\/es\/wp-json\/wp\/v2\/pages\/161\/revisions"}],"predecessor-version":[{"id":16927,"href":"https:\/\/sraclc.org\/es\/wp-json\/wp\/v2\/pages\/161\/revisions\/16927"}],"up":[{"embeddable":true,"href":"https:\/\/sraclc.org\/es\/wp-json\/wp\/v2\/pages\/59"}],"wp:attachment":[{"href":"https:\/\/sraclc.org\/es\/wp-json\/wp\/v2\/media?parent=161"}],"curies":[{"name":"wp","href":"https:\/\/api.w.org\/{rel}","templated":true}]}}

Campamento y Escuela de Días de descanso

<hr class="wp-block-separator has-alpha-channel-opacity" />



<h1 class="wp-block-heading">La Escuela De Días Fuera De Programa</h1>


<div class="gb-container gb-container-5f30bc72">
<div class="gb-grid-wrapper gb-grid-wrapper-2004685a">
<div class="gb-grid-column gb-grid-column-c8e16aa4"><div class="gb-container gb-container-c8e16aa4">

<p></p>



<p><strong>Cuando la Escuela, ¿qué haces?&nbsp;</strong><br>SRACLC ofrece programas para la Escuela de Días de descanso para mejorar la de su hijo tiempo de ocio con emocionantes actividades de recreación. Estructura de nuestros programas con alta energía de juegos en grupo, con temas de manualidades, juegos de agua, viajes de campo, y la natación. Es una gran manera de practicar las habilidades sociales y formar nuevas amistades en un ambiente seguro y divertido.</p>



<p>SRACLC de la Escuela de Días de descanso y Mini Campamentos están dirigidos a niños con discapacidades y necesidades especiales durante las vacaciones de primavera, vacaciones de invierno, y otros días festivos nacionales. Estos programas se ofrecen para apoyar a un día programado para mantener a los estudiantes en su rutina. Cada día está prevista salidas y de alta energía de juego en grupo.</p>



<p><a class="button" rel="noopener" href="https://web2.myvscloud.com/wbwsc/ilsraclcwt.wsc/search.html?module=AR&amp;category=youth-teen" target="_blank">Inscribirse En La Escuela De Días Fuera De Los Programas De</a><em><strong><br></strong></em></p>

</div></div>

<div class="gb-grid-column gb-grid-column-11e6a71a"><div class="gb-container gb-container-11e6a71a">

<figure class="gb-block-image gb-block-image-b20f2e2e"><img loading="lazy" decoding="async" width="250" height="280" class="gb-image gb-image-b20f2e2e" src="https://sraclc.org/wp2/wp-content/uploads/2024/08/Camp-Page.jpg" alt="Black Female Youth petting a dog" title="Camp Page" srcset="https://sraclc.org/wp2/wp-content/uploads/2024/08/Camp-Page.jpg 250w, https://sraclc.org/wp2/wp-content/uploads/2024/08/Camp-Page-11x12.jpg 11w" sizes="auto, (max-width: 250px) 100vw, 250px" /></figure>

</div></div>
</div>
</div>


<hr class="wp-block-separator has-alpha-channel-opacity" />



<h1 class="wp-block-heading">Los Campamentos De Verano</h1>



<p><strong>Campamento De Día<br></strong>Los Campamentos de día en SRACLC están orientados hacia los niños con necesidades especiales o los que tienen más éxito en pequeños grupos con más supervisión. Los consejeros plan de actividades diarias, tales como la alta energía de los juegos en grupo, con temas de manualidades, juegos de agua, el canto y el baile, en la mañana, viajes de campo, y más allá. Los campistas se nadar dos veces por semana en las tardes, así como disfrutar de juegos al aire libre cada día.</p>



<p><strong>Las Opciones Del Programa Incluyen:</strong> Los participantes se comprometen a tres sesiones de semana de campamento de día completo, ESTOY solo, o PM. Viernes opciones y mini campamentos están disponibles. Por favor, consulte el campamento de folleto o de registro en línea para obtener más detalles.</p>



<p><strong>Tiempo Del Programa:</strong> La programación es de 9:00 am hasta las 3:00 de la tarde, de lunes a jueves.</p>



<p><strong>Elegibilidad:</strong> Participants must be between the ages of 3-22 years.</p>



<p><strong>Resident</strong> <strong>Registration Opens:</strong> Monday, March 16, 2026 at 9:00a<br><strong>Non-Resident Registration Opens:</strong> Monday, March 30, 2026 at 9:00a<br><strong>ALL CAMP REGISTRATION CLOSES:</strong> Monday, April 6, 2026 at 1:00p</p>



<h3 class="gb-headline gb-headline-e24dc424 gb-headline-text"><strong>Lugares Del Programa Incluyen:</strong></h3>


<div class="gb-container gb-container-18ec332a">

<div class="wp-block-columns is-layout-flex wp-container-core-columns-is-layout-9d6595d7 wp-block-columns-is-layout-flex">
<div class="wp-block-column is-layout-flow wp-block-column-is-layout-flow" style="flex-basis:100%">
<div class="wp-block-columns is-layout-flex wp-container-core-columns-is-layout-9d6595d7 wp-block-columns-is-layout-flex">
<div class="wp-block-column is-layout-flow wp-block-column-is-layout-flow" style="flex-basis:100%"><div class="gb-grid-wrapper gb-grid-wrapper-8119202f">
<div class="gb-grid-column gb-grid-column-7cba9203"><div class="gb-container gb-container-7cba9203">

<p><strong>Bobbers</strong> (ages 7-22)<br>The Hope Collective<br><a href="https://www.google.com/maps?gs_lcrp=EgZjaHJvbWUyBggAEEUYOdIBBzQ0N2owajeoAgCwAgA&amp;um=1&amp;ie=UTF-8&amp;fb=1&amp;gl=us&amp;sa=X&amp;geocode=KVt9ceZtog-IMb3B0FcAiJ2E&amp;daddr=23153+W+Miller+Rd,+Lake+Zurich,+IL+60047">23153 W. Miller Rd., Lake Zurich, IL 60047</a></p>



<p><strong>Los Exploradores/Tropas</strong> (ages 3-22)<br>Espino de la Escuela para Jóvenes Estudiantes<br><a href="https://www.google.com/maps/dir//hawthorn+school+for+young+learners/data=!4m6!4m5!1m1!4e2!1m2!1m1!1s0x880f97695211b449:0x760c5bd962115ebe?sa=X&amp;ved=2ahUKEwiTlMez0eP9AhXHnWoFHRVAA_AQ9Rd6BAhSEAQ" target="_blank" rel="noreferrer noopener">637 N Aspen Unidad, Vernon Hills</a></p>



<p><strong>Los isleños</strong> (ages 3-9)                                                                              <br>Jones Isla De Construcción<br><a href="https://www.google.com/maps/dir/42.5810825,-88.5563184/243+Harvey+Ave,+Grayslake,+IL+60030/@42.4581138,-88.4447821,11z/data=!3m1!4b1!4m9!4m8!1m1!4e1!1m5!1m1!1s0x880f9b02e41a9305:0x6b50dfc87f3626a1!2m2!1d-88.0530798!2d42.3462766" target="_blank" rel="noreferrer noopener">243 Harvey Ave, Grayslake, IL</a></p>

</div></div>

<div class="gb-grid-column gb-grid-column-0f211778"><div class="gb-container gb-container-0f211778">

<p><strong>Los adolescentes en Acción</strong> (PM Campamento Solamente)<br>Varios Viajes De Campo De Las Ubicaciones De Cada Día<br>Ubicación de la reunión de Espino de la Escuela para Jóvenes Estudiantes <br><a href="https://www.google.com/maps/dir//hawthorn+school+for+young+learners/data=!4m6!4m5!1m1!4e2!1m2!1m1!1s0x880f97695211b449:0x760c5bd962115ebe?sa=X&amp;ved=2ahUKEwiTlMez0eP9AhXHnWoFHRVAA_AQ9Rd6BAhSEAQ" target="_blank" rel="noreferrer noopener">637 N Aspen Unidad, Vernon Hills</a></p>



<p><strong>Teen Titans</strong> (ages 10-22)<br>El Centro De Deportes<br><a href="https://www.google.com/maps/dir/42.5810825,-88.5563184/2004+Municipal+Way,+Round+Lake+Beach,+Illinois/@42.4878883,-88.4497287,11z/data=!3m1!4b1!4m9!4m8!1m1!4e1!1m5!1m1!1s0x880f84b645c3abc9:0xc565c00ca1085103!2m2!1d-88.0722118!2d42.3842933" target="_blank" rel="noreferrer noopener">2004 Municipales Pkwy, Round Lake, IL</a></p>



<p><strong>Trailblazers </strong>(ages 5-18)  <strong>                                                                           <br></strong>Copeland Manor Elementary School<strong><br></strong><a href="https://www.google.com/maps/place/Copeland+Manor+Elementary+School/@42.274008,-87.9438459,17z/data=!3m1!4b1!4m6!3m5!1s0x880f9697569805c5:0xae3fb80e09b68f46!8m2!3d42.274008!4d-87.9438459!16s%2Fm%2F076p33m?entry=ttu&amp;g_ep=EgoyMDI2MDEyOC4wIKXMDSoKLDEwMDc5MjA2OUgBUAM%3D" target="_blank" rel="noreferrer noopener">801 7th Ave, Libertyville, IL</a></p>

</div></div>
</div></div>
</div>
</div>
</div>

</div>


<p><strong>Transporte:</strong> El transporte no está disponible actualmente para el campamento.</p>



<p><a href="https://sraclc.org/wp2/wp-content/uploads/2026/02/Day-Camp-Brochure-2026.pdf" target="_blank" rel="noreferrer noopener">Ver nuestro Campamento de Día Folleto</a></p>



<a class="gb-button gb-button-2fa79c78 gb-button-text" href="https://web2.myvscloud.com/wbwsc/ilsraclcwt.wsc/search.html?module=AR&amp;type=camp&amp;_csrf_token=a58880389b8c106119309cd87c81a4387c3e93b99daef9f9e3ac1282dc759eb8" target="_blank" rel="noopener noreferrer">Registrarse para los Campamentos de Día</a>

<p>School Days Off Program Summer Camps Day CampDay Camps at SRACLC are geared towards children with special needs or those who have better success in smaller groups with more supervision. Counselors plan daily activities such as high-energy group games, themed crafts, water play, singing and dancing, morning field trips, and beyond. Campers will swim twice &#8230; <a title="Campamento y Escuela de Días de descanso" class="read-more" href="https://sraclc.org/es/programs/day-camps/" aria-label="Leer más sobre Camp and School Days Off">Read more</a></p>
